168. Calculate the greatest common divisor of 168 and w.
24
Let c = -157 + 388. Let x(d) = -d**2 + 24*d - 102. Let u(j) = -18*j - 171. Let l be u(-10). Let m be x(l). Calculate the highest common factor of m and c.
33
Let z = -11627 + 14588. Calculate the greatest common factor of 63 and z.
63
Let q(k) = 4*k - 30. Let p be q(5). Let i be (-49)/(-35) + (-6)/p. Let r be (1/(2/40))/(i/1). Calculate the greatest common divisor of r and 4.
2
Let s(c) = -16*c**3 + 2*c**2 - 4*c + 6. Let v be s(-4). Suppose -8*g + 4*q + 104 = -4*g, 0 = -4*g + 2*q + 96. Calculate the greatest common factor of g and v.
22
Let j(x) = x + 3. Let n be j(-7). Let l be ((-100)/(-8))/((-1)/n). Let g = 24236 - 24211. What is the greatest common factor of g and l?
25
Let l(m) = 5*m**3 - 4*m**2 - m - 7. Let y be l(3). Calculate the greatest common divisor of 5429 and y.
89
Suppose 819 = 3*n - 3*w, -3*n - 3*w + 2 = -817. Let k(r) = -76*r - 3546. Let l be k(-47). Calculate the highest common divisor of n and l.
13
Let z(r) = 14*r**2 + 2*r - 3. Let i be z(3). Suppose d - i = w, 3*w + 198 = -3*d + 585. Calculate the highest common divisor of d and 172.
43
Let h(m) = 4*m**2 + 143*m - 1148. Let g be h(8). Calculate the greatest common divisor of g and 1575.
63
Let z(i) = i - 2*i**2 + 20 - 4 - 10. Let t be z(3). Let m be (-2)/(2/4 + 8 + t). What is the highest common factor of m and 64?
4
Let h(q) = -q**3 + 2*q**2 - 9*q - 4. Let f be h(-4). Let i(w) = w**3 - 8*w**2 + 16*w + 11. Let z be i(5). Calculate the highest common factor of f and z.
16
Suppose -y + 2*a - 4 = 6, -a - 25 = y. Let k be y/(-4) + (-4)/2. Suppose s - 4*m = -k*s + 936, 3*s - 708 = 5*m. What is the greatest common divisor of s and 21?
21
Let a = -172 - -182. What is the greatest common factor of 5770 and a?
10
Suppose 2*x - 37679 = -4*r + 9121, 4*r - 46842 = -9*x. What is the greatest common divisor of 21 and r?
21
Let f = -61 + 193. Let j = 2047 - 2044. Suppose -j*d = 3*d - f. Calculate the highest common factor of 22 and d.
22
Suppose x - 12 = 5*u, -8*x - 5*u = -3*x. Suppose 2*r - 296 = 3*h + 208, -x*h = r - 252. What is the greatest common factor of 24 and r?
12
Let b be (-6)/16 + (-269917)/(-248). Suppose -2*l - 5*z + 4*z = -544, 0 = -4*l - 4*z + b. Calculate the highest common divisor of l and 17.
17
Suppose 0 = -3*i - 3*q + 30 - 81, 3 = q. Let n = -14 - i. Let d = 7 - n. What is the highest common divisor of d and 8?
1
Let d be (-69)/46 + 1446/(-4). Let v = 371 + d. Calculate the highest common divisor of 56 and v.
8
Suppose -4*z - 5*l = -997, 0*z = -3*z + 2*l + 765. Let x be (-92)/(-6)*9/6. Calculate the greatest common divisor of z and x.
23
Suppose -11*q = 7*q + 12564. Let j = -685 - q. Calculate the greatest common factor of 1027 and j.
13
Let l = 57 - 58. Let t be ((-7)/14)/(l/(-4)). Let g(d) = d + 3. Let w be g(t). Calculate the greatest common factor of w and 1.
1
Suppose -3*w + 38 + 7 = 0. Suppose -5*a + 25 = -5. Let q be (7 - -143)*a/w. Calculate the greatest common factor of q and 150.
30
Suppose 4*m = j - 186, -j = 64*m - 63*m - 176. Calculate the highest common divisor of j and 5963.
89
Suppose -245 = 3*x - 341. Let j be (-6*52/(-32))/(4/x). Let h = 15 - 9. Calculate the greatest common divisor of j and h.
6
Let y be -22*2 - (-3 - -2)*1. Let j = 8 + y. Let b be (50/j)/(2/(-14)). What is the highest common divisor of 5 and b?
5
Suppose -155*c - 58*c + 3662 = 1106. Suppose 2*y = -8, -t + 0*y - 2*y = -2. Let l = t + 8. What is the highest common divisor of c and l?
6
Let s = -4252 - -4257. Calculate the greatest common factor of 195 and s.
5
Let p be (-2400)/6*6/(-12). Let x = p - 188. Calculate the highest common factor of 636 and x.
12
Let m be (3 + -5)*1620/(-40). Let p = -2 - -5. Calculate the greatest common factor of p and m.
3
Suppose 0 = -6*s - 7 + 403. Let z be ((-74)/(-26) + (-38)/(-247))*8. What is the greatest common divisor of s and z?
6
Suppose 3*l - 9309 = -4*i + 432, -l = -2*i + 4853. Calculate the highest common divisor of i and 990.
90
Let c(q) = 13*q**3 + q - 5. Let i be c(-2). Let v be i/4*-4 - -6. What is the highest common divisor of v and 13?
13
Suppose -140751 = -12*f + 53217. Let g be (-2)/7 - f/(-126). What is the greatest common factor of g and 64?
64
Let w = 1220 - 507. Calculate the highest common factor of 161 and w.
23
Let d(z) = 160*z + 2515. Let q be d(-15). Calculate the highest common factor of q and 713.
23
Let j = -4 - -4. Suppose l + 3*l - 516 = j. Suppose -1699*w + 1675*w = -1032. Calculate the greatest common divisor of l and w.
43
Let b = -2930 - -2972. Calculate the highest common factor of 66 and b.
6
Let z(a) = -a**2 + 38*a + 336. Let d be z(-7). Let g(y) = -4*y + 16*y**2 + 3*y + 1 + 68*y**2. Let x be g(1). Calculate the highest common divisor of d and x.
21
Suppose 7*a - 4*a = -18*a + 1743. What is the greatest common factor of a and 14027?
83
Let r(o) = -2*o**2 + 5*o + 5. Let u be r(8). Let v = u + 145. Suppose v = 5*k - 2*t, 2*k + 8 - 34 = 2*t. Calculate the highest common divisor of k and 18.
6
Let o = -2133 + 2190. Calculate the greatest common factor of 5529 and o.
57
Let n(h) = 6*h**2 + 7*h - 14. Suppose 0 = -16*c + 30 + 34. Let j be n(c). What is the greatest common divisor of j and 275?
55
Let a = -987 + 1010. Let q = 71 - 7. Suppose 22*n + q = a*n. What is the greatest common divisor of 160 and n?
32
Let i be (-6)/(-2) - 12/4. Suppose 0 = -i*s - 3*s + 2*d + 123, -3*s - 3*d = -108. Calculate the greatest common divisor of 351 and s.
39
Let h(p) = -2*p - 15. Let g(f) = -4*f - 30. Let o(z) = -4*g(z) + 9*h(z). Let y be o(-8). Suppose -y + 7 = 3*n. Calculate the highest common factor of n and 22.
2
Let w(s) = -s**2 + 22*s - 24. Let r be 5/(201/(-54) + 4). Let q be w(r). Let y = 63 + -39. What is the greatest common factor of q and y?
24
Suppose 240*b = 111*b + 61146. What is the greatest common factor of b and 18?
6
Let c be 207/(3 - 0) - (-3 - -2). Calculate the greatest common divisor of 9380 and c.
70
Let j be 80/35*(-1540)/(-55). What is the highest common divisor of 616 and j?
8
Let c(z) = z**3 - 42*z**2 + 134*z - 15. Let t be c(3). What is the greatest common divisor of t and 954?
18
Let c = 61 + -59. Suppose c*o + 16 = f + 6*o, 0 = -2*f + 2*o - 18. Let k be (f/12)/((44/72)/(-11)). What is the highest common divisor of 48 and k?
6
Suppose 0 = 9*x + 463 - 1273. What is the greatest common divisor of x and 6525?
45
Let m(s) = -s**2 - 17*s + 32. Let y be m(-14). Suppose 4*o + 112 = -364. Let g = -8 - o. What is the highest common divisor of y and g?
37
Suppose -66*z + 3960 = -0*z. Calculate the greatest common factor of 24 and z.
12
Let g = 84 - 124. Let o = g + 56. Let v be -40*(-3 + -3)*2/o. Calculate the highest common divisor of v and 75.
15
Suppose -i + 141 = -4*c, -c + 315 = 2*i + 2*c. Calculate the greatest common factor of i and 4896.
153
Suppose 5*u + h - 490 = 0, -u - 2*h = 3*h - 122. Let b = 145 - u. What is the greatest common factor of b and 348?
12
Let o(k) = 2*k**2 - 35*k + 237. Let l be o(16). What is the highest common divisor of 175 and l?
7
Let y be (-69)/(-2) + 11/(-22). Let x(q) = -q**3 + 7*q**2 - 3*q - 10. Let v be x(3). Calculate the greatest common factor of y and v.
17
Suppose -3*r - 702 = -8*r + s, -5*r + 696 = 2*s. Let j = r + -138. Let a(q) = q**2 - 2*q + 1. Let l be a(-3). Calculate the highest common divisor of l and j.
2
Let b be (-8)/(-6) + (-205352)/(-84). Calculate the highest common divisor of b and 6.
2
Let c = 2111 + -2027. Calculate the highest common factor of 1 and c.
1
Suppose 0 = -4*m - 91 + 732 + 739. Calculate the greatest common factor of m and 3565.
115
Suppose -3*n + 1080 = -7*n. Let m = -59 - n. Suppose 4*p - 196 = -5*i + 3*i, -2*i - p + m = 0. What is the highest common divisor of i and 12?
12
Suppose 1488 = 28*t + 34*t - 1550. Suppose 4*o - 1348 = 4*d - 4664, 4*d = -4*o + 3348. What is the greatest common divisor of t and d?
49
Let q be 9704/32 + -5 - 27/12. Let f = 119 - 82. What is the greatest common divisor of q and f?
37
Let g(d) = 9*d**3 + 7*d**2 + 54*d - 261. Let v be g(5). What is the highest common factor of v and 7480?
187
Let i be (-10 - -6)/((18/(-108))/(2/6)). Suppose 4*m - c + 0*c = -3, 15 = m + 5*c. Suppose -i*h + h + 693 = m. What is the highest common factor of h and 11?
11
Let r(l) 